est common divisor of c and 3?
3
Let u be (-6)/4*-18*(-2 + 3). Let x be -3 + 2 + (-12)/(-2). Suppose 2*f - x = 1. Calculate the greatest common factor of f and u.
3
Suppose 3*i - 4 = 5. Suppose 2 = i*z + 5. Let u = z - -17. Calculate the highest common divisor of 8 and u.
8
Let m(h) be the first derivative of h**4/4 + 7*h**3/3 + 3*h**2/2 - 4*h + 1. Let d be m(-6). Calculate the greatest common divisor of 14 and d.
14
Let r = 22 + 5. Calculate the greatest common factor of 3 and r.
3
Let u(j) = 3*j - 4. Let t be u(3). Suppose -t*l + 1760 = -h + 6*h, -702 = -2*l - h. Calculate the highest common divisor of 35 and l.
35
Let t = -139 - -160. Let n be 1 - (-6 + 2) - 2. What is the greatest common divisor of t and n?
3
Let k be 161 - -2 - 2/2. Let d be (-4)/18 - (-212)/(-18). Let o be k/d*8/(-6). What is the highest common divisor of 162 and o?
18
Suppose k = -2*k + 126. Let z = 9 + -3. What is the greatest common factor of k and z?
6
Let j(z) = z**3 + 11*z**2 + 15*z - 13. Let p be j(-9). Suppose 4*n - 20 = -4*b, 4*n - 3 = 2*b - 1. Calculate the greatest common factor of p and n.
2
Let z = -15 + 11. Let c be 2/z*(-112)/1. Calculate the highest common factor of 7 and c.
7
Let b(k) = k**3 - 7*k**2 - 7*k - 7. Let c be b(8). Let y be 0/((c - 0)*-3). Suppose d + 2 - 18 = y. What is the greatest common divisor of d and 4?
4
Let f be -33*((-7)/4 + 9/12). Calculate the highest common factor of 3 and f.
3
Let c = -13 + 15. Suppose 0 + 4 = c*l. Calculate the highest common factor of l and 4.
2
Let i(t) = t**2 + 2*t + 5. Let m be i(-5). Let l(k) = k**2 - 2. Let g be l(0). Let v be (g - 1)*(-150)/9. What is the highest common divisor of v and m?
10
Let j be (-3)/(-2)*176/8. Calculate the highest common factor of j and 231.
33
Let z(p) = 7*p**2 + 2*p - 6. Let m be z(3). What is the highest common factor of m and 7?
7
Suppose -147 = 2*y - 3. Let v be (y/15)/(6/(-80)). What is the highest common divisor of 8 and v?
8
Let y(s) = s**3 + 4*s**2 + 2*s - 1. Let a be y(-3). Let h = 6 + a. What is the highest common divisor of h and 64?
8
Suppose 0 = u + 3 - 5, 0 = 2*v - 3*u - 10. Suppose -576 = 4*g - v*g. Calculate the greatest common divisor of 16 and g.
16
Suppose 3*n + 2 = 4*n. Suppose -n*y + 6 + 16 = 0. Calculate the highest common divisor of 121 and y.
11
Let o = 18 + 0. Let w be 9*(0 - (-4)/3). What is the greatest common factor of o and w?
6
Let z(u) = u**3 - 2*u**2 + 2. Let f be z(4). What is the highest common factor of f and 136?
34
Let j be -1 - ((-21 - 2) + 0). Suppose h = -h + j. Let g(p) = 34*p**2 - 2*p + 1. Let l be g(1). Calculate the highest common factor of l and h.
11
Suppose -6*i + 46 = -4*i. What is the highest common factor of i and 161?
23
Let x = -7 - -7. Let s = 4 + x. Suppose -3*p = -12, p - 780 = -s*l + 4*p. Calculate the highest common factor of 22 and l.
22
Let w be (4 - 6)*(39 - 2). Let c = -47 - w. What is the greatest common factor of 9 and c?
9
Let p(u) = 2*u**2 + 7*u + 6. Let y be p(-4). Let x(s) = s**3 + 14*s**2 + 8*s - 15. Let q be x(-13). Calculate the greatest common divisor of y and q.
10
Let h(i) = -i**3 + 25. Let w be h(0). What is the greatest common factor of 25 and w?
25
Let f = -20 + 24. Calculate the highest common divisor of 36 and f.
4
Suppose -13 + 101 = 8*q. Calculate the greatest common factor of q and 121.
11
Let s = -319 - -327. Let f(x) = -5*x**3 - x**2 - 3*x + 1. Let l be f(-3). Let m = l + -80. What is the highest common factor of m and s?
8
Suppose 0 = 47*y - 46*y - 5. What is the greatest common factor of 2 and y?
1
Suppose 4*k - 54 = 10. Let z = 1099 - 635. Suppose 2*n + 176 = z. What is the greatest common divisor of n and k?
16
Let g(y) = y**3 - 5*y**2 + 4*y. Let j be g(3). Let i = j - -9. Suppose -3*r = 4*x - 28, 5*x + i*r + r - 34 = 0. Calculate the greatest common factor of x and 5.
5
Let q(z) = -14*z + 44. Let t be q(-14). What is the greatest common divisor of 30 and t?
30
Suppose -4*x - 3*w - 1 + 2 = 0, 0 = 5*x + 3*w - 5. Suppose -72 = 3*s - x*s. Calculate the highest common divisor of 9 and s.
9
Let a be (-5 + 0)/((-2)/28). Suppose -5*r - 2*k = -150, 3*k = 17*r - 18*r + 43. What is the greatest common factor of a and r?
14
Let f = 8 - 6. Suppose s - 153 = -f*s. Calculate the highest common factor of s and 34.
17
Let f(r) = 7*r + 80. Let c be f(0). What is the greatest common factor of c and 10?
10
Let o(p) = -2*p - 9. Let w be o(-10). What is the greatest common divisor of w and 11?
11
Suppose -72 = -o + 4*s, 119 = -5*o - 3*s + 387. Suppose 0 = 61*g - 44*g - 119. Calculate the greatest common factor of g and o.
7
Let k = 8 + -14. Let x be 124/10 + k/15. What is the highest common divisor of x and 3?
3
Suppose 6*x = 3*x + 153. Calculate the greatest common divisor of 17 and x.
17
Suppose 3*i - 96 = i. Suppose 4 - 68 = -2*f. What is the greatest common divisor of f and i?
16
Let r(j) = -17*j + 4. Let m be r(-1). What is the highest common divisor of m and 3?
3
Suppose -x - 2 - 1 = 0. Let h = x + 6. What is the highest common factor of h and 21?
3
Let v(n) = -n**3 + n**2 - 2*n. Let j = 1 - -2. Suppose 2*y + 1 = -j. Let d be v(y). What is the highest common factor of 16 and d?
16
Suppose -15*j + 464 + 436 = 0. What is the greatest common factor of j and 5?
5
Suppose 3*x - 28 = 2*x. Suppose o - y - 15 = x, 0 = -4*o + 3*y + 169. Calculate the greatest common divisor of 16 and o.
8
Let w(u) = -u**2 + 9*u - 2. Let n be w(8). Let j be 3/n*2 - -63. Calculate the greatest common divisor of j and 16.
16
Suppose -3*h = -y - 2*h + 174, 2*h = -y + 177. Let i = 61 + -36. Calculate the highest common factor of y and i.
25
Let y be (144/27 - 2)*(-90)/(-4). What is the highest common divisor of y and 60?
15
Suppose 4*h = 2*h + 8. Suppose 0 = 4*m + a - 32, -5*m + 40 = h*a + a. What is the highest common divisor of 72 and m?
8
Let c = -20 - -50. Let g be (-1)/6 + 395/c. What is the highest common divisor of 117 and g?
13
Let z = 174 + -117. Let s = z + -5. What is the greatest common factor of 13 and s?
13
Let g(x) = -x**3 + 6*x**2 - 4*x + 2. Let i be g(4). Let r be ((-6)/10)/((-3)/45). What is the greatest common divisor of r and i?
9
Let i(y) = y**2 + y + 2. Let c be i(-3). Let t = -35 + 55. What is the greatest common divisor of c and t?
4
Let p = 176 + 124. What is the highest common factor of p and 120?
60
Let o be -1 + 11*12 + -1. Suppose 4*h = u - 49, -3*h - 2*h + o = 3*u. What is the greatest common factor of u and 5?
5
Let h be (4/10)/(6/165). What is the greatest common divisor of 33 and h?
11
Let g(z) be the third derivative of z**5/30 - 7*z**4/24 + z**3/3 + z**2. Let a be g(6). Calculate the highest common divisor of 16 and a.
16
Let f(g) = -8*g + 11. Let o be f(8). Let b = 93 + o. Calculate the highest common factor of b and 60.
20
Let s be ((-726)/(-55))/((-1)/(-15)). Calculate the highest common factor of s and 22.
22
Suppose 4*z + 825 = 3*d, -526 + 1924 = 5*d + z. Suppose d + 435 = 6*u. Calculate the greatest common factor of 17 and u.
17
Suppose -4*f - f = 3*o - 125, -5*o = -3*f - 163. What is the highest common factor of 175 and o?
35
Let a be (0 - -5)*(2 + -1). Suppose 111 - 11 = a*q. Let k = -22 - -182. What is the greatest common divisor of q and k?
20
Suppose 4*d = -12 + 96. What is the highest common divisor of d and 21?
21
Let i(u) = 2*u**2 + 25*u + 14. Let t be i(-12). Suppose 5*n - 29 = 51. Calculate the highest common factor of t and n.
2
Let h(t) = -3*t + 6. Let m be h(7). Let w be ((-6)/m)/((-1)/(-60)). Suppose 0 = -3*r + 9 + w. Calculate the highest common divisor of r and 44.
11
Suppose 0 = 4*i + 1 + 19, 2*a = -2*i + 14. Calculate the greatest common divisor of a and 72.
12
Let b(y) = 2*y**2 + 2 + 0*y**3 + 4*y - y**3 - 2 - 1. Let d be 1 - (2 - 4/1). Let r be b(d). What is the highest common factor of r and 1?
1
Suppose 4*j - z + 35 = 0, 0 = 5*j + 3*z + 36 + 29. Let p = j + 70. What is the greatest common divisor of 12 and p?
12
Suppose 3*u = 4*b - 75, -4*b - 4*u + 45 = -51. What is the greatest common factor of b and 14?
7
Suppose -5*u + 3*a = -63, 4*u - 2*a + 6*a = 76. Calculate the greatest common divisor of u and 165.
15
Suppose 0 = -5*c + 4*o + 4 + 27, -3*o = c + 9. Suppose -111 = -3*r - c*i, 2*r + 23 = -i + 93. What is the highest common factor of 11 and r?
11
Suppose 5*z + 2*i = -0*